 number?
False
Is 225617977 a prime number?
False
Is 3148270003 prime?
True
Is 12674694241 composite?
True
Is 182287801703 prime?
False
Is 15220347509 composite?
False
Is 109723867 a composite number?
True
Is 1691814298 a prime number?
False
Is 4382805439 prime?
True
Is 212381051 prime?
False
Is 1638756671 prime?
True
Is 5217357229 composite?
True
Is 22370897867 prime?
False
Is 56850915845 a composite number?
True
Is 56459377 prime?
False
Is 3279199279 composite?
False
Is 2601235843 a prime number?
False
Is 134397256969 prime?
True
Is 786624481 a composite number?
True
Is 3008823763 prime?
False
Is 7572221083 prime?
False
Is 588013033 a prime number?
False
Is 144485773 composite?
True
Is 236904218 composite?
True
Is 251225974291 composite?
False
Is 749351123 prime?
False
Is 6896224453 a composite number?
True
Is 13680622259 a prime number?
False
Is 86242791109 a prime number?
False
Is 1811754083 a composite number?
False
Is 455241041 composite?
True
Is 3460451389 composite?
True
Is 29222970461 prime?
True
Is 762703001 composite?
False
Is 12495706413 prime?
False
Is 224466876241 a composite number?
False
Is 690591379 a prime number?
True
Is 28630754287 a prime number?
True
Is 10987870961 a prime number?
False
Is 7757497091 composite?
False
Is 1129245049 a prime number?
True
Is 3209048279 a composite number?
False
Is 2234510729 composite?
True
Is 7172946871 a prime number?
True
Is 27529858817 a prime number?
True
Is 9311683313 prime?
False
Is 833665631 composite?
False
Is 10961256133 composite?
False
Is 29754732121 a prime number?
False
Is 4118386759 composite?
False
Is 530400113 prime?
False
Is 585963347 composite?
False
Is 529569122 composite?
True
Is 30688213417 a prime number?
False
Is 584570711 composite?
True
Is 1423706363 composite?
False
Is 12008246483 a composite number?
False
Is 515522023 a prime number?
False
Is 1797033919 a composite number?
True
Is 7559016973 a prime number?
True
Is 73051853723 a prime number?
True
Is 3041438417 prime?
False
Is 3438771071 prime?
True
Is 7880363 a prime number?
False
Is 4736171719 prime?
False
Is 7985616439 composite?
False
Is 57774227 a composite number?
True
Is 4620025063 a composite number?
False
Is 1003205537 a prime number?
True
Is 810287869 a composite number?
True
Is 15339881 a composite number?
False
Is 25383625469 composite?
False
Is 4541336047 a composite number?
False
Is 1281840061 composite?
False
Is 23174082781 a composite number?
True
Is 3172872127 a prime number?
False
Is 13787932679 a prime number?
False
Is 1116033781 a composite number?
False
Is 7968352307 a composite number?
True
Is 20979789487 a prime number?
False
Is 3466447283 a prime number?
False
Is 3511997231 a prime number?
False
Is 1257598061 a prime number?
True
Is 6514633969 prime?
False
Is 7940017153 composite?
True
Is 9886471106 composite?
True
Is 4771828343 a prime number?
True
Is 34847192827 prime?
True
Is 58704521 a composite number?
True
Is 1170306149 composite?
True
Is 23188841111 a prime number?
True
Is 12759644923 prime?
True
Is 2142703471 prime?
True
Is 3562407697 composite?
True
Is 2215333069 composite?
True
Is 7766099147 a composite number?
True
Is 2380449133 prime?
False
Is 27522619169 a composite number?
False
Is 49495847 composite?
True
Is 449700397 prime?
False
Is 5623346693 a prime number?
False
Is 68968181 prime?
True
Is 189742127 prime?
True
Is 610337711 prime?
False
Is 3039945457 a prime number?
False
Is 22541882707 composite?
True
Is 7193345377 a prime number?
False
Is 56082756091 prime?
True
Is 2985590557 prime?
True
Is 459374497 prime?
True
Is 591465733 a prime number?
True
Is 1435120237 prime?
True
Is 48712571 composite?
False
Is 8800710539 a composite number?
False
Is 41034594437 prime?
True
Is 14456147357 a prime number?
True
Is 3751355263 prime?
False
Is 1116602727 prime?
False
Is 33911706583 a composite number?
False
Is 2099477957 a composite number?
False
Is 130810093 prime?
True
Is 881592961 prime?
True
Is 170808873619 a prime number?
True
Is 59994481 a prime number?
False
Is 6488899537 prime?
True
Is 2959455613 a prime number?
True
Is 1357531579 a prime number?
False
Is 5703115337 composite?
False
Is 3064073783 a composite number?
True
Is 49800759719 prime?
True
Is 647294927 composite?
False
Is 748231721 a prime number?
False
Is 1642582501 a prime number?
False
Is 528214469 prime?
False
Is 139646329 a prime number?
True
Is 4791075623 a composite number?
True
Is 95217084047 prime?
True
Is 1442977133 prime?
False
Is 1207650677 a prime number?
False
Is 17044448167 a prime number?
True
Is 605255383 a composite number?
False
Is 1466882159 composite?
True
Is 855997943 prime?
False
Is 32154021941 prime?
True
Is 2349781771 prime?
True
Is 5383869847 a prime number?
True
Is 431631499 composite?
True
Is 1118709707 composite?
False
Is 1377973757 composite?
False
Is 5524517 a prime number?
False
Is 345190453 a composite number?
True
Is 331376009 a prime number?
True
Is 7743925183 composite?
False
Is 63069125849 composite?
False
Is 2003963149 a prime number?
False
Is 90254683921 prime?
False
Is 1322823001 a composite number?
True
Is 20840310017 a prime number?
False
Is 8971452443 a prime number?
True
Is 78690401 a prime number?
True
Is 48017400973 a prime number?
False
Is 1557696617 a prime number?
True
Is 2650275659 a prime number?
False
Is 136626403 prime?
False
Is 3589247 a prime number?
True
Is 5612042287 composite?
False
Is 283156111 a composite number?
True
Is 350696053 a prime number?
False
Is 26094764515 a prime number?
False
Is 111198805 a prime number?
False
Is 12045558829 a prime number?
True
Is 47842234259 prime?
True
Is 9382344155 a composite number?
True
Is 3540236941 prime?
False
Is 2565216167 prime?
False
Is 6063177751 prime?
True
Is 5160299467 prime?
True
Is 30915668561 a prime number?
False
Is 936813739 a prime number?
True
Is 2122880371 a prime number?
True
Is 23080723273 a prime number?
True
Is 385286765 a composite number?
True
Is 16667073161 prime?
False
Is 55075753 composite?
False
Is 1651747424773 a prime number?
True
Is 1107028931 prime?
True
Is 1338038621 composite?
False
Is 9850860077 composite?
True
Is 12996285251 a prime number?
True
Is 93405251 a prime number?
True
Is 23501321 prime?
False
Is 322057909 prime?
False
Is 134616336871 prime?
True
Is 1521410927 a composite number?
False
Is 5139091409 a prime number?
True
Is 23812376551 a prime number?
False
Is 3591996049 composite?
False
Is 291188467 composite?
False
Is 54228668029 a composite number?
False
Is 18093795121 a composite number?
True
Is 36925458029 a composite number?
False
Is 24484565423 a prime number?
False
Is 218798941 a prime number?
True
Is 26618207921 a composite number?
True
Is 67003923523 composite?
True
Is 7581819821 a prime number?
True
Is 8140477493 prime?
True
Is 54502888837 composite?
True
Is 3419286917 composite?
False
Is 265961111 prime?
False
Is 1111917067 a prime number?
False
Is 2800657097 prime?
False
Is 103863172291 prime?
True
Is 522757009 a composite number?
False
Is 1029444127 a prime number?
True
Is 45974573831 prime?
True
Is 13815293773 prime?
False
Is 3005032033 composite?
True
Is 96095219131 composite?
True
Is 31795099309 a prime number?
False
Is 38951051 a composite number?
False
Is 3267009521 prime?
False
Is 51318300035 a prime number?
False
Is 16198159 a composite number?
False
Is 163765066193 composite?
False
Is 340935059 a prime number?
False
Is 42207452333 prime?
True
Is 428049577 a prime number?
False
Is 220296329 composite?
True
Is 6030220771 prime?
True
Is 70196161843 prime?
True
Is 14884083161 a composite number?
True
Is 27163925147 a prime number?
False
Is 85798395913 a prime number?
True
Is 654522571 composite?
False
Is 924778931 a prime number?
True
Is 46515353 prime?
False
Is 16209355189 prime?
True
Is 1038831515 a composite number?
True
Is 423974273 prime?
True
Is 10020107281 a composite number?
False
Is 3253364567 composite?
False
Is 132901163 composite?
False
Is 6238243717 a composite number?
True
Is 250090913 a prime number?
False
Is 17416488827 prime?
True
Is 1425232999 composite?
False
Is 3663767183 a prime number?
True
Is 126249061 a composite number?
True
Is 24734120543 prime?
False
Is 82584326393 composite?
False
Is 6550983079 a composite number?
False
Is 20634977